ands digit of 50946?
0
What is the thousands digit of 17007?
7
What is the hundreds digit of 13645?
6
What is the thousands digit of 1567?
1
What is the units digit of 1144?
4
What is the thousands digit of 12219?
2
What is the thousands digit of 7255?
7
What is the tens digit of 1097?
9
What is the hundreds digit of 2039?
0
What is the tens digit of 10188?
8
What is the hundreds digit of 3694?
6
What is the hundreds digit of 756?
7
What is the tens digit of 4759?
5
What is the thousands digit of 2919?
2
What is the thousands digit of 73668?
3
What is the hundreds digit of 1446?
4
What is the units digit of 20324?
4
What is the ten thousands digit of 11937?
1
What is the units digit of 2224?
4
What is the units digit of 12593?
3
What is the units digit of 2951?
1
What is the thousands digit of 6997?
6
What is the tens digit of 10778?
7
What is the hundreds digit of 113458?
4
What is the tens digit of 30825?
2
What is the tens digit of 13022?
2
What is the units digit of 745?
5
What is the units digit of 98744?
4
What is the hundreds digit of 1426?
4
What is the thousands digit of 5304?
5
What is the units digit of 295?
5
What is the hundreds digit of 8791?
7
What is the hundreds digit of 39692?
6
What is the hundreds digit of 18663?
6
What is the tens digit of 2104?
0
What is the hundreds digit of 18415?
4
What is the units digit of 4869?
9
What is the units digit of 1026?
6
What is the tens digit of 80799?
9
What is the thousands digit of 6477?
6
What is the tens digit of 18?
1
What is the units digit of 15075?
5
What is the thousands digit of 7402?
7
What is the hundreds digit of 74833?
8
What is the hundreds digit of 43748?
7
What is the tens digit of 16821?
2
What is the units digit of 10434?
4
What is the ten thousands digit of 74908?
7
What is the hundreds digit of 5066?
0
What is the thousands digit of 32632?
2
What is the tens digit of 164?
6
What is the thousands digit of 27389?
7
What is the hundreds digit of 741?
7
What is the tens digit of 1908?
0
What is the units digit of 487?
7
What is the ten thousands digit of 12119?
1
What is the ten thousands digit of 41884?
4
What is the tens digit of 2508?
0
What is the tens digit of 664?
6
What is the ten thousands digit of 166057?
6
What is the ten thousands digit of 10501?
1
What is the units digit of 3458?
8
What is the hundreds digit of 727?
7
What is the hundreds digit of 824?
8
What is the tens digit of 1394?
9
What is the hundreds digit of 75453?
4
What is the thousands digit of 109623?
9
What is the hundreds digit of 4488?
4
What is the tens digit of 1465?
6
What is the tens digit of 117997?
9
What is the ten thousands digit of 10518?
1
What is the hundred thousands digit of 123397?
1
What is the tens digit of 26934?
3
What is the tens digit of 94502?
0
What is the units digit of 157?
7
What is the hundreds digit of 122968?
9
What is the units digit of 32288?
8
What is the thousands digit of 15501?
5
What is the hundreds digit of 5886?
8
What is the tens digit of 1139?
3
What is the hundreds digit of 1093?
0
What is the tens digit of 24901?
0
What is the hundreds digit of 4268?
2
What is the tens digit of 8347?
4
What is the units digit of 667?
7
What is the units digit of 232?
2
What is the units digit of 11978?
8
What is the hundreds digit of 7733?
7
What is the ten thousands digit of 25235?
2
What is the tens digit of 23334?
3
What is the tens digit of 73620?
2
What is the units digit of 2031?
1
What is the units digit of 49939?
9
What is the units digit of 1254?
4
What is the thousands digit of 10986?
0
What is the hundreds digit of 2693?
6
What is the hundreds digit of 25113?
1
What is the thousands digit of 14306?
4
What is the tens digit of 388?
8
What is the hundreds digit of 842?
8
What is the tens digit of 8900?
0
What is the tens digit of 3533?
3
What is the tens digit of 1907?
0
What is the hundreds digit of 18379?
3
What is the units digit of 796?
6
What is the hundreds digit of 3361?
3
What is the tens digit of 592?
9
What is the ten thousands digit of 46779?
4
What is the units digit of 10188?
8
What is the tens digit of 7124?
2
What is the tens digit of 2820?
2
What is the tens digit of 1302?
0
What is the units digit of 63214?
4
What is the units digit of 1337?
7
What is the hundreds digit of 293?
2
What is the hundreds digit of 4777?
7
What is the hundreds digit of 479?
4
What is the tens digit of 6017?
1
What is the hundreds digit of 280?
2
What is the units digit of 87167?
7
What is the tens digit of 2071?
7
What is the units digit of 3941?
1
What is the hundreds digit of 711?
7
What is the thousands digit of 2296?
2
What is the tens digit of 1178?
7
What is the tens digit of 1164?
6
What is the ten thousands digit of 57899?
5
What is the thousands digit of 45974?
5
What is the ten thousands digit of 11074?
1
What is the hundreds digit of 994?
9
What is the hundreds digit of 163?
1
What is the thousands digit of 31933?
1
What is the tens digit of 6726?
2
What is the tens digit of 42122?
2
What is the units digit of 8724?
4
What is the hundreds digit of 4408?
4
What is the thousands digit of 34615?
4
What is the units digit of 877?
7
What is the hundreds digit of 38100?
1
What is the hundreds digit of 21725?
7
What is the thousands digit of 8221?
8
What is the hundreds digit of 879?
8
What is the thousands digit of 6944?
6
What is the units digit of 553?
3
What is the thousands digit of 5720?
5
What is the units digit of 1676?
6
What is the hundreds digit of 5006?
0
What is the hundreds digit of 6732?
7
What is the thousands digit of 18774?
8
What is the units digit of 2570?
0
What is the tens digit of 7580?
8
What is the tens digit of 2428?
2
What is the hundreds digit of 35339?
3
What is the units digit of 403?
3
What is the thousands digit of 1351?
1
What is the hundreds digit of 1128?
1
What is the hundreds digit of 12042?
0
What is the hundreds digit of 1878?
8
What is the hundreds digit of 270?
2
What is the thousands digit of 9879?
9
What is the tens digit of 1250?
5
What is the ten thousands digit of 68781?
6
What is the tens digit of 5417?
1
What is the hundreds digit of 43048?
0
What is the thousands digit of 1442?
1
What is the hundreds digit of 475?
4
What is the hundreds digit of 26831?
8
What is the hundreds digit of 54621?
6
What is the units digit of 3261?
1
What is the hundreds digit of 539?
5
What is the units digit of 91?
1
What is the ten thousands digit of 75392?
7
What is the thousands digit of 7524?
7
What is the units digit of 20076?
6
What is the ten thousands digit of 28919?
2
What is the tens digit of 809?
0
What is the hundreds digit of 22581?
5
What is the hundreds digit of 6294?
2
What is the thousands digit of 11175?
1
What is the units digit of 1277?
7
What is the thousands digit of 14679?
4
What is the thousands digit of 2065?
2
What is the units digit of 989?
9
What is the thousands digit of 1310?
1
What is the tens digit of 10027?
2
What is the tens digit of 431?
3
What is the units digit of 9683?
3
What is the units digit of 14944?
4
What is the tens digit of 232?
3
What is the units digit of 470?
0
What is the tens digit of 2148?
4
What is the hundreds digit of 254?
2
What is the units digit of 5164?
4
What is the hundreds digit of 1735?
7
What is the hundreds digit of 265?
2
What is the tens digit of 868?
6
What is the tens digit of 3453?
5
What is the units digit of 2207?
7
What is the hundreds digit of 4423?
4
What is the thousands digit of 4713?
4
What is the thousands digit of 5494?
5
What is the thousands digit of 11746?
1
What is the hundreds digit of 1131?
1
What is the hundreds digit of 6391?
3
What is the hundreds digit of 15567?
5
What is the tens digit of 645?
4
What is the hundred thousands digit of 154692?
1
What is the tens digit of 11799?
9
What is the hundreds digit of 216?
2
What is the thousands digit of 2511?
2
What is the units digit of 630?
0
What is the units digit of 111?
1
What is the hundreds digit of 2928?
9
What is the hundreds digit of 25232?
2
What is the units digit of 2729?
9
What is the tens digit of 6837?
3
What is the units digit of 4528?
8
What is the units digit of 2771?
1
What is the ten thousands digit of 23027?
2
What is the thousands digit of 31589?
1
What is the units digit of 52